{"id":1492,"date":"2025-06-30T11:58:55","date_gmt":"2025-06-30T09:58:55","guid":{"rendered":"https:\/\/tcleslilas.fr\/?page_id=1492"},"modified":"2025-08-04T17:06:07","modified_gmt":"2025-08-04T15:06:07","slug":"procedure-de-reinscription-avec-appli-tenup","status":"publish","type":"page","link":"https:\/\/tcleslilas.fr\/index.php\/inscriptions\/procedure-de-reinscription-avec-appli-tenup\/","title":{"rendered":"Proc\u00e9dure de r\u00e9inscription avec appli TenUP"},"content":{"rendered":"\n<p class=\"has-text-align-center has-heading-font-family\" style=\"margin-top:0;margin-bottom:0;padding-top:0;padding-bottom:0\">T\u00e9l\u00e9chargez d&rsquo;abord l&rsquo;application Ten&rsquo;UP sur votre mobile<\/p>\n\n\n\n<div class=\"wp-block-group alignfull has-global-padding is-layout-constrained wp-container-core-group-is-layout-dd602231 wp-block-group-is-layout-constrained\" style=\"margin-top:var(--wp--preset--spacing--30);margin-bottom:0;padding-top:0;padding-right:0;padding-bottom:0;padding-left:0\">\n<div class=\"wp-block-columns alignwide is-not-stacked-on-mobile is-layout-flex wp-container-core-columns-is-layout-ff4b9c61 wp-block-columns-is-layout-flex\" style=\"margin-top:0;margin-bottom:0\">\n<div class=\"wp-block-column is-layout-flow wp-container-core-column-is-layout-8a368f38 wp-block-column-is-layout-flow\">\n<p class=\"has-heading-font-family has-medium-font-size\" style=\"padding-top:0;padding-right:var(--wp--preset--spacing--30);padding-bottom:0;padding-left:var(--wp--preset--spacing--30)\"><strong>Etape 1 &#8211; <\/strong>Lancez l&rsquo;application TenUP, connectez vous, et cliquez sur le bouton <strong> Les offres de mon club<\/strong> si vous \u00eates adh\u00e9rent.<br><br>Pour les nouveaux, cliquer sur l\u2019ic\u00f4ne <strong>Club<\/strong>, indiquez <strong>Les Lilas<\/strong>, puis cliquez sur <strong>Recherche<\/strong>. Dans la page qui s\u2019affiche ensuite, <strong>r\u00e9duisez le rayon \u00e0 1KM<\/strong> et cliquez directement sur le bouton jaune \u00ab\u00a0<strong>Valider\u00a0<\/strong>\u00bb<\/p>\n\n\n\n<p class=\"has-heading-font-family has-medium-font-size\" style=\"padding-top:0;padding-right:var(--wp--preset--spacing--30);padding-bottom:0;padding-left:var(--wp--preset--spacing--30)\"><br>Une liste de clubs s\u2019affiche, cliquez sur <strong>TC LES LILAS<\/strong>, puis sur l\u2019onglet <strong>Offres &amp; tarifs<\/strong>.<br><\/p>\n\n\n\n<p class=\"has-heading-font-family has-medium-font-size\" style=\"padding-top:0;padding-right:var(--wp--preset--spacing--30);padding-bottom:0;padding-left:var(--wp--preset--spacing--30)\">La liste de toutes nos offres en cours s\u2019affiche, il vous suffit de s\u00e9lectionner celle qui vous int\u00e9resse et de continuer la proc\u00e9dure.<br><\/p>\n\n\n\n<figure class=\"wp-block-image aligncenter size-full is-style-rounded is-style-rounded--1\"><img loading=\"lazy\" decoding=\"async\" width=\"500\" height=\"843\" src=\"https:\/\/tcleslilas.fr\/wp-content\/uploads\/2025\/06\/mobile-1-accueil.jpg\" alt=\"\" class=\"wp-image-1493\" srcset=\"https:\/\/tcleslilas.fr\/wp-content\/uploads\/2025\/06\/mobile-1-accueil.jpg 500w, https:\/\/tcleslilas.fr\/wp-content\/uploads\/2025\/06\/mobile-1-accueil-178x300.jpg 178w\" sizes=\"auto, (max-width: 500px) 100vw, 500px\" \/><\/figure>\n\n\n\n<div style=\"height:200px\" aria-hidden=\"true\" class=\"wp-block-spacer\"><\/div>\n\n\n\n<p class=\"has-heading-font-family has-medium-font-size\" style=\"padding-top:0;padding-right:var(--wp--preset--spacing--30);padding-bottom:0;padding-left:var(--wp--preset--spacing--30)\"><strong>Etape 3 &#8211; <\/strong>S\u00e9lectionnez ensuite le tarif qui correspond \u00e0 votre cas<\/p>\n\n\n\n<figure class=\"wp-block-image aligncenter size-large is-style-rounded is-style-rounded--2\"><img loading=\"lazy\" decoding=\"async\" width=\"479\" height=\"1024\" src=\"https:\/\/tcleslilas.fr\/wp-content\/uploads\/2025\/06\/mobile-3-tarif-479x1024.jpg\" alt=\"\" class=\"wp-image-1495\" srcset=\"https:\/\/tcleslilas.fr\/wp-content\/uploads\/2025\/06\/mobile-3-tarif-479x1024.jpg 479w, https:\/\/tcleslilas.fr\/wp-content\/uploads\/2025\/06\/mobile-3-tarif-140x300.jpg 140w, https:\/\/tcleslilas.fr\/wp-content\/uploads\/2025\/06\/mobile-3-tarif.jpg 500w\" sizes=\"auto, (max-width: 479px) 100vw, 479px\" \/><\/figure>\n\n\n\n<div style=\"height:169px\" aria-hidden=\"true\" class=\"wp-block-spacer\"><\/div>\n\n\n\n<p class=\"has-heading-font-family has-medium-font-size\" style=\"padding-top:0;padding-right:var(--wp--preset--spacing--30);padding-bottom:0;padding-left:var(--wp--preset--spacing--30)\"><strong>Etape 5 &#8211; Jeu libre uniquement<\/strong> &#8211; S\u00e9lectionnez votre licence et cliquez sur <strong>CONFIRMER<\/strong><br>En fonction de votre situation et l&rsquo;offre \u00e0 laquelle vous souhaitez souscrire, un justificatif de domicile pourra vous \u00eatre demand\u00e9 ainsi que de remplir un questionnaire de sant\u00e9 avec certificat m\u00e9dical.<br><br>Vous avez la possibilit\u00e9 de laisser un commentaire sur cette page en cliquant sur le lien <strong>Ajouter un commentaire<\/strong><\/p>\n\n\n\n<figure class=\"wp-block-image aligncenter size-large is-style-rounded is-style-rounded--3\"><img loading=\"lazy\" decoding=\"async\" width=\"507\" height=\"1024\" src=\"https:\/\/tcleslilas.fr\/wp-content\/uploads\/2024\/06\/ri_mobile_s8-507x1024.jpg\" alt=\"\" class=\"wp-image-795\" srcset=\"https:\/\/tcleslilas.fr\/wp-content\/uploads\/2024\/06\/ri_mobile_s8-507x1024.jpg 507w, https:\/\/tcleslilas.fr\/wp-content\/uploads\/2024\/06\/ri_mobile_s8-148x300.jpg 148w, https:\/\/tcleslilas.fr\/wp-content\/uploads\/2024\/06\/ri_mobile_s8-768x1552.jpg 768w, https:\/\/tcleslilas.fr\/wp-content\/uploads\/2024\/06\/ri_mobile_s8-760x1536.jpg 760w, https:\/\/tcleslilas.fr\/wp-content\/uploads\/2024\/06\/ri_mobile_s8-1013x2048.jpg 1013w, https:\/\/tcleslilas.fr\/wp-content\/uploads\/2024\/06\/ri_mobile_s8.jpg 1080w\" sizes=\"auto, (max-width: 507px) 100vw, 507px\" \/><\/figure>\n\n\n\n<div style=\"height:200px\" aria-hidden=\"true\" class=\"wp-block-spacer\"><\/div>\n\n\n\n<p class=\"has-heading-font-family has-medium-font-size\" style=\"padding-top:0;padding-right:var(--wp--preset--spacing--30);padding-bottom:0;padding-left:var(--wp--preset--spacing--30)\"><strong>Etape 7 &#8211; <\/strong>Bravo ! Votre r\u00e9inscription est maintenant termin\u00e9e !<\/p>\n\n\n\n<figure class=\"wp-block-image aligncenter size-large is-style-rounded is-style-rounded--4\"><img loading=\"lazy\" decoding=\"async\" width=\"505\" height=\"1024\" src=\"https:\/\/tcleslilas.fr\/wp-content\/uploads\/2024\/06\/ri_mobile_s10-505x1024.jpg\" alt=\"\" class=\"wp-image-797\" srcset=\"https:\/\/tcleslilas.fr\/wp-content\/uploads\/2024\/06\/ri_mobile_s10-505x1024.jpg 505w, https:\/\/tcleslilas.fr\/wp-content\/uploads\/2024\/06\/ri_mobile_s10-148x300.jpg 148w, https:\/\/tcleslilas.fr\/wp-content\/uploads\/2024\/06\/ri_mobile_s10-768x1558.jpg 768w, https:\/\/tcleslilas.fr\/wp-content\/uploads\/2024\/06\/ri_mobile_s10-757x1536.jpg 757w, https:\/\/tcleslilas.fr\/wp-content\/uploads\/2024\/06\/ri_mobile_s10-1010x2048.jpg 1010w, https:\/\/tcleslilas.fr\/wp-content\/uploads\/2024\/06\/ri_mobile_s10.jpg 1080w\" sizes=\"auto, (max-width: 505px) 100vw, 505px\" \/><\/figure>\n<\/div>\n\n\n\n<div class=\"wp-block-column is-layout-flow wp-container-core-column-is-layout-8a368f38 wp-block-column-is-layout-flow\">\n<div style=\"height:693px\" aria-hidden=\"true\" class=\"wp-block-spacer\"><\/div>\n\n\n\n<p class=\"has-heading-font-family has-medium-font-size\" style=\"padding-top:0;padding-right:var(--wp--preset--spacing--30);padding-bottom:0;padding-left:var(--wp--preset--spacing--30)\"><strong>Etape 2 &#8211; <\/strong>S\u00e9lectionnez l&rsquo;offre <strong>Acompte Enseignement <\/strong>ou l&rsquo;offre <strong>Jeu-Libre <\/strong>(selon votre souhait)<\/p>\n\n\n\n<figure class=\"wp-block-image aligncenter size-large is-style-rounded is-style-rounded--5\"><img loading=\"lazy\" decoding=\"async\" width=\"492\" height=\"1024\" src=\"https:\/\/tcleslilas.fr\/wp-content\/uploads\/2025\/06\/mobile-2-offres-492x1024.jpg\" alt=\"\" class=\"wp-image-1494\" style=\"object-fit:cover\" srcset=\"https:\/\/tcleslilas.fr\/wp-content\/uploads\/2025\/06\/mobile-2-offres-492x1024.jpg 492w, https:\/\/tcleslilas.fr\/wp-content\/uploads\/2025\/06\/mobile-2-offres-144x300.jpg 144w, https:\/\/tcleslilas.fr\/wp-content\/uploads\/2025\/06\/mobile-2-offres.jpg 500w\" sizes=\"auto, (max-width: 492px) 100vw, 492px\" \/><\/figure>\n\n\n\n<div style=\"height:153px\" aria-hidden=\"true\" class=\"wp-block-spacer\"><\/div>\n\n\n\n<p class=\"has-heading-font-family has-medium-font-size\" style=\"padding-top:0;padding-right:var(--wp--preset--spacing--30);padding-bottom:0;padding-left:var(--wp--preset--spacing--30)\"><strong>Etape 4 &#8211; <\/strong>S\u00e9lectionnez la personne concern\u00e9e par l&rsquo;offre en cochant la case \u00e0 droite<\/p>\n\n\n\n<p class=\"has-heading-font-family has-medium-font-size\" style=\"padding-top:0;padding-right:var(--wp--preset--spacing--30);padding-bottom:0;padding-left:var(--wp--preset--spacing--30)\">\ud83d\udc68\u200d\ud83d\udc67\u200d\ud83d\udc67Dans le cas o\u00f9 vous \u00eates rattach\u00e9s \u00e0 un foyer, vos enfants seront list\u00e9s et pourront \u00eatre s\u00e9lectionn\u00e9s pour les offres d&rsquo;enseignement qui les concernent<\/p>\n\n\n\n<figure class=\"wp-block-image aligncenter size-large is-style-rounded is-style-rounded--6\"><img loading=\"lazy\" decoding=\"async\" width=\"470\" height=\"1024\" src=\"https:\/\/tcleslilas.fr\/wp-content\/uploads\/2025\/06\/mobile-4-beneficiaires-470x1024.jpg\" alt=\"\" class=\"wp-image-1496\" srcset=\"https:\/\/tcleslilas.fr\/wp-content\/uploads\/2025\/06\/mobile-4-beneficiaires-470x1024.jpg 470w, https:\/\/tcleslilas.fr\/wp-content\/uploads\/2025\/06\/mobile-4-beneficiaires-138x300.jpg 138w, https:\/\/tcleslilas.fr\/wp-content\/uploads\/2025\/06\/mobile-4-beneficiaires.jpg 500w\" sizes=\"auto, (max-width: 470px) 100vw, 470px\" \/><\/figure>\n\n\n\n<div style=\"height:200px\" aria-hidden=\"true\" class=\"wp-block-spacer\"><\/div>\n\n\n\n<p class=\"has-heading-font-family has-medium-font-size\" style=\"padding-top:0;padding-right:var(--wp--preset--spacing--30);padding-bottom:0;padding-left:var(--wp--preset--spacing--30)\"><strong>Etape 6 &#8211; <\/strong>V\u00e9rifiez le r\u00e9capitulatif de votre r\u00e9inscription (offre &amp; licence) et <strong>confirmez<\/strong><br><br>La paiement de l&rsquo;acompte n&rsquo;interviendra qu&rsquo;en d\u00e9but septembre lors de la validation des inscriptions.<br><\/p>\n\n\n\n<figure class=\"wp-block-image aligncenter size-large is-style-rounded is-style-rounded--7\"><img loading=\"lazy\" decoding=\"async\" width=\"468\" height=\"1024\" src=\"https:\/\/tcleslilas.fr\/wp-content\/uploads\/2025\/06\/mobile-5-panier-468x1024.jpg\" alt=\"\" class=\"wp-image-1497\" srcset=\"https:\/\/tcleslilas.fr\/wp-content\/uploads\/2025\/06\/mobile-5-panier-468x1024.jpg 468w, https:\/\/tcleslilas.fr\/wp-content\/uploads\/2025\/06\/mobile-5-panier-137x300.jpg 137w, https:\/\/tcleslilas.fr\/wp-content\/uploads\/2025\/06\/mobile-5-panier.jpg 500w\" sizes=\"auto, (max-width: 468px) 100vw, 468px\" \/><\/figure>\n<\/div>\n<\/div>\n<\/div>\n\n\n\n<p><\/p>\n","protected":false},"excerpt":{"rendered":"<p>T\u00e9l\u00e9chargez d&rsquo;abord l&rsquo;application Ten&rsquo;UP sur votre mobile Etape 1 &#8211; Lancez l&rsquo;application TenUP, connectez vous, et cliquez sur le bouton Les offres de mon club si vous \u00eates adh\u00e9rent. Pour [&hellip;]<\/p>\n","protected":false},"author":3,"featured_media":0,"parent":783,"menu_order":0,"comment_status":"closed","ping_status":"closed","template":"page-moins-despacement","meta":{"_EventAllDay":false,"_EventTimezone":"","_EventStartDate":"","_EventEndDate":"","_EventStartDateUTC":"","_EventEndDateUTC":"","_EventShowMap":false,"_EventShowMapLink":false,"_EventURL":"","_EventCost":"","_EventCostDescription":"","_EventCurrencySymbol":"","_EventCurrencyCode":"","_EventCurrencyPosition":"","_EventDateTimeSeparator":"","_EventTimeRangeSeparator":"","_EventOrganizerID":[],"_EventVenueID":[],"_OrganizerEmail":"","_OrganizerPhone":"","_OrganizerWebsite":"","_VenueAddress":"","_VenueCity":"","_VenueCountry":"","_VenueProvince":"","_VenueState":"","_VenueZip":"","_VenuePhone":"","_VenueURL":"","_VenueStateProvince":"","_VenueLat":"","_VenueLng":"","_VenueShowMap":false,"_VenueShowMapLink":false,"footnotes":""},"class_list":["post-1492","page","type-page","status-publish","hentry"],"_links":{"self":[{"href":"https:\/\/tcleslilas.fr\/index.php\/wp-json\/wp\/v2\/pages\/1492","targetHints":{"allow":["GET"]}}],"collection":[{"href":"https:\/\/tcleslilas.fr\/index.php\/wp-json\/wp\/v2\/pages"}],"about":[{"href":"https:\/\/tcleslilas.fr\/index.php\/wp-json\/wp\/v2\/types\/page"}],"author":[{"embeddable":true,"href":"https:\/\/tcleslilas.fr\/index.php\/wp-json\/wp\/v2\/users\/3"}],"replies":[{"embeddable":true,"href":"https:\/\/tcleslilas.fr\/index.php\/wp-json\/wp\/v2\/comments?post=1492"}],"version-history":[{"count":2,"href":"https:\/\/tcleslilas.fr\/index.php\/wp-json\/wp\/v2\/pages\/1492\/revisions"}],"predecessor-version":[{"id":1869,"href":"https:\/\/tcleslilas.fr\/index.php\/wp-json\/wp\/v2\/pages\/1492\/revisions\/1869"}],"up":[{"embeddable":true,"href":"https:\/\/tcleslilas.fr\/index.php\/wp-json\/wp\/v2\/pages\/783"}],"wp:attachment":[{"href":"https:\/\/tcleslilas.fr\/index.php\/wp-json\/wp\/v2\/media?parent=1492"}],"curies":[{"name":"wp","href":"https:\/\/api.w.org\/{rel}","templated":true}]}}